{"id":7138,"date":"2025-07-17T15:32:18","date_gmt":"2025-07-17T13:32:18","guid":{"rendered":"https:\/\/vincesconsulting.com\/?post_type=equipo&#038;p=7138"},"modified":"2025-07-17T15:32:18","modified_gmt":"2025-07-17T13:32:18","slug":"aurelio-del-pino-gonzalez","status":"publish","type":"equipo","link":"https:\/\/vincesconsulting.com\/ca\/equipo\/aurelio-del-pino-gonzalez\/","title":{"rendered":"Aurelio del Pino Gonz\u00e1lez"},"content":{"rendered":"<p data-start=\"242\" data-end=\"520\">Aurelio \u00e9s Senior Advisor a Vinces. En aquest c\u00e0rrec aporta la seva \u00e0mplia experi\u00e8ncia en assessorament estrat\u00e8gic per al sector agroalimentari i en mat\u00e8ria de sostenibilitat, despr\u00e9s d\u2019una llarga traject\u00f2ria en l\u2019Administraci\u00f3 p\u00fablica i en associacions empresarials. <\/p>\n<p data-start=\"522\" data-end=\"1142\">Ha estat funcionari del Cos Superior d\u2019Administradors Civils de l\u2019Estat, ocupant c\u00e0rrecs de responsabilitat com a Subdirector General en \u00e0mbits clau com el finan\u00e7ament auton\u00f2mic i local, la gesti\u00f3 de fons de la UE, la transici\u00f3 a l\u2019euro i la regulaci\u00f3 mercantil i comercial. Posteriorment, va dirigir l\u2019Associaci\u00f3 de Cadenes Espanyoles de Supermercats (ACES) com a Director General i President durant m\u00e9s de 15 anys, impulsant iniciatives en fiscalitat, regulaci\u00f3 comercial, sostenibilitat i cadena de valor agroaliment\u00e0ria. Tamb\u00e9 ha format part d\u2019\u00f2rgans de consulta institucionals i de la Junta Directiva de la CEOE i d\u2019altres organitzacions empresarials.Ha sido funcionario del Cuerpo Superior de Administradores Civiles del Estado, ocupando puestos de responsabilidad como Subdirector General en \u00e1reas clave como financiaci\u00f3n auton\u00f3mica y local, gesti\u00f3n de fondos de la UE, transici\u00f3n al euro y regulaci\u00f3n mercantil y comercial. Posteriormente, presidi\u00f3 la Asociaci\u00f3n de Cadenas Espa\u00f1olas de Supermercados (ACES) durante m\u00e1s de 15 a\u00f1os, liderando iniciativas en fiscalidad, regulaci\u00f3n comercial, sostenibilidad y cadena de valor agroalimentaria. Ha formado parte de \u00f3rganos de consulta institucionales y de la Junta Directiva de CEOE y otras organizaciones empresariales.  <\/p>\n<p data-start=\"1144\" data-end=\"1351\">A m\u00e9s, Aurelio \u00e9s autor de nombrosos articles i estudis sobre fiscalitat i normativa comercial, i \u00e9s ponent habitual en jornades, taules rodones i programes de formaci\u00f3 tant en l\u2019\u00e0mbit p\u00fablic com privat.<\/p>\n<p data-start=\"1522\" data-end=\"1547\"><strong data-start=\"1522\" data-end=\"1545\">Formaci\u00f3 acad\u00e8mica<\/strong><\/p>\n<ul data-start=\"1548\" data-end=\"1655\">\n<li data-start=\"1548\" data-end=\"1609\">\n<p data-start=\"1550\" data-end=\"1609\">Llicenciat en Dret, Universitat Complutense de Madrid.<\/p>\n<\/li>\n<li data-start=\"1610\" data-end=\"1655\">\n<p data-start=\"1612\" data-end=\"1655\">ADECA, Instituto Internacional San Telmo.<\/p>\n<\/li>\n<\/ul>\n<p data-start=\"1657\" data-end=\"1708\"><strong data-start=\"1657\" data-end=\"1706\">Principals publicacions i activitat docent<\/strong><\/p>\n<ul data-start=\"1709\" data-end=\"2024\">\n<li data-start=\"1709\" data-end=\"1845\">\n<p data-start=\"1711\" data-end=\"1845\">Autor de diversos articles i estudis sobre fiscalitat, normativa comercial espanyola i europea, i cadena de valor agroaliment\u00e0ria.<\/p>\n<\/li>\n<li data-start=\"1846\" data-end=\"1911\">\n<p data-start=\"1848\" data-end=\"1911\">Director i coordinador de publicacions sectorials.<\/p>\n<\/li>\n<li data-start=\"1912\" data-end=\"2024\">\n<p data-start=\"1914\" data-end=\"2024\">Professor en programes de formaci\u00f3 i m\u00e0sters en administraci\u00f3 p\u00fablica.<\/p>\n<\/li>\n<\/ul>\n","protected":false},"featured_media":7136,"template":"","clasificacion":[],"class_list":["post-7138","equipo","type-equipo","status-publish","has-post-thumbnail","hentry"],"acf":[],"_links":{"self":[{"href":"https:\/\/vincesconsulting.com\/ca\/wp-json\/wp\/v2\/equipo\/7138","targetHints":{"allow":["GET"]}}],"collection":[{"href":"https:\/\/vincesconsulting.com\/ca\/wp-json\/wp\/v2\/equipo"}],"about":[{"href":"https:\/\/vincesconsulting.com\/ca\/wp-json\/wp\/v2\/types\/equipo"}],"wp:featuredmedia":[{"embeddable":true,"href":"https:\/\/vincesconsulting.com\/ca\/wp-json\/wp\/v2\/media\/7136"}],"wp:attachment":[{"href":"https:\/\/vincesconsulting.com\/ca\/wp-json\/wp\/v2\/media?parent=7138"}],"wp:term":[{"taxonomy":"clasificacion","embeddable":true,"href":"https:\/\/vincesconsulting.com\/ca\/wp-json\/wp\/v2\/clasificacion?post=7138"}],"curies":[{"name":"wp","href":"https:\/\/api.w.org\/{rel}","templated":true}]}}

Aurelio del Pino González

<p data-start="242" data-end="520">Aurelio és Senior Advisor a Vinces. En aquest càrrec aporta la seva àmplia experiència en assessorament estratègic per al sector agroalimentari i en matèria de sostenibilitat, després d’una llarga trajectòria en l’Administració pública i en associacions empresarials. </p>
<p data-start="522" data-end="1142">Ha estat funcionari del Cos Superior d’Administradors Civils de l’Estat, ocupant càrrecs de responsabilitat com a Subdirector General en àmbits clau com el finançament autonòmic i local, la gestió de fons de la UE, la transició a l’euro i la regulació mercantil i comercial. Posteriorment, va dirigir l’Associació de Cadenes Espanyoles de Supermercats (ACES) com a Director General i President durant més de 15 anys, impulsant iniciatives en fiscalitat, regulació comercial, sostenibilitat i cadena de valor agroalimentària. També ha format part d’òrgans de consulta institucionals i de la Junta Directiva de la CEOE i d’altres organitzacions empresarials.Ha sido funcionario del Cuerpo Superior de Administradores Civiles del Estado, ocupando puestos de responsabilidad como Subdirector General en áreas clave como financiación autonómica y local, gestión de fondos de la UE, transición al euro y regulación mercantil y comercial. Posteriormente, presidió la Asociación de Cadenas Españolas de Supermercados (ACES) durante más de 15 años, liderando iniciativas en fiscalidad, regulación comercial, sostenibilidad y cadena de valor agroalimentaria. Ha formado parte de órganos de consulta institucionales y de la Junta Directiva de CEOE y otras organizaciones empresariales.  </p>
<p data-start="1144" data-end="1351">A més, Aurelio és autor de nombrosos articles i estudis sobre fiscalitat i normativa comercial, i és ponent habitual en jornades, taules rodones i programes de formació tant en l’àmbit públic com privat.</p>
<p data-start="1522" data-end="1547"><strong data-start="1522" data-end="1545">Formació acadèmica</strong></p>
<ul data-start="1548" data-end="1655">
<li data-start="1548" data-end="1609">
<p data-start="1550" data-end="1609">Llicenciat en Dret, Universitat Complutense de Madrid.</p>
</li>
<li data-start="1610" data-end="1655">
<p data-start="1612" data-end="1655">ADECA, Instituto Internacional San Telmo.</p>
</li>
</ul>
<p data-start="1657" data-end="1708"><strong data-start="1657" data-end="1706">Principals publicacions i activitat docent</strong></p>
<ul data-start="1709" data-end="2024">
<li data-start="1709" data-end="1845">
<p data-start="1711" data-end="1845">Autor de diversos articles i estudis sobre fiscalitat, normativa comercial espanyola i europea, i cadena de valor agroalimentària.</p>
</li>
<li data-start="1846" data-end="1911">
<p data-start="1848" data-end="1911">Director i coordinador de publicacions sectorials.</p>
</li>
<li data-start="1912" data-end="2024">
<p data-start="1914" data-end="2024">Professor en programes de formació i màsters en administració pública.</p>
</li>
</ul>
