{"id":7080,"date":"2024-11-06T11:26:18","date_gmt":"2024-11-06T10:26:18","guid":{"rendered":"https:\/\/vincesconsulting.com\/?post_type=equipo&#038;p=7080"},"modified":"2025-03-09T14:32:25","modified_gmt":"2025-03-09T13:32:25","slug":"joan-capdevila","status":"publish","type":"equipo","link":"https:\/\/vincesconsulting.com\/ca\/equipo\/joan-capdevila\/","title":{"rendered":"Joan Capdevila"},"content":{"rendered":"<p>Joan Capdevila s\u2019incorpora a Vinces, com Director de l\u00b4oficina de Catalunya.<\/p>\n<p>Veterinari de formaci\u00f3, acad\u00e8mic numerari de l\u2019Acad\u00e8mia de Ci\u00e8ncies Veterin\u00e0ries de Catalunya, en Joan t\u00e9 una dilatada experi\u00e8ncia en el sector p\u00fablic. Entre l\u2019any i 2024 ha ocupat el c\u00e0rrec de delegat del Govern catal\u00e0 a Madrid. A m\u00e9s, <span class=\"Y2IQFc\" lang=\"ca\">ha estat diputat independent del Grup Republic\u00e0 a les XI, XII, XIII i XIV legislatures a les Corts General<\/span>, assumint les funcions de president de la Comissi\u00f3 d\u2019Ind\u00fastria, Comer\u00e7 i Turisme. Tamb\u00e9 ha estat portaveu a les comissions d\u2019Economia, de Transici\u00f3 Ecol\u00f2gica, d\u2019Hisenda i de Pressupostos. Al llarg de la seva carrera com a diputat ha participat com a ponent en m\u00e9s de 30 processos legislatius. Entre els anys 2008 i 2011 fou el primer director del diari digital El Mat\u00ed.<\/p>\n<p>&nbsp;<\/p>\n<p><strong>Formaci\u00f3 acad\u00e8mica<\/strong>:<\/p>\n<ul>\n<li>Llicenciat en Veterin\u00e0ria per a la Universitat d\u2019Extremadura.<\/li>\n<li>M\u00e0ster ADCV por la Universitat Aut\u00f2noma de Barcelona.<\/li>\n<li>Programa de Lideratge en Pol\u00edtiques d\u2019Emprenedoria a Deusto Business School.<\/li>\n<li>Programa Executiu en Governan\u00e7a del Sector P\u00fablic a ESADE.<\/li>\n<\/ul>\n","protected":false},"featured_media":7077,"template":"","clasificacion":[],"class_list":["post-7080","equipo","type-equipo","status-publish","has-post-thumbnail","hentry"],"acf":[],"_links":{"self":[{"href":"https:\/\/vincesconsulting.com\/ca\/wp-json\/wp\/v2\/equipo\/7080","targetHints":{"allow":["GET"]}}],"collection":[{"href":"https:\/\/vincesconsulting.com\/ca\/wp-json\/wp\/v2\/equipo"}],"about":[{"href":"https:\/\/vincesconsulting.com\/ca\/wp-json\/wp\/v2\/types\/equipo"}],"wp:featuredmedia":[{"embeddable":true,"href":"https:\/\/vincesconsulting.com\/ca\/wp-json\/wp\/v2\/media\/7077"}],"wp:attachment":[{"href":"https:\/\/vincesconsulting.com\/ca\/wp-json\/wp\/v2\/media?parent=7080"}],"wp:term":[{"taxonomy":"clasificacion","embeddable":true,"href":"https:\/\/vincesconsulting.com\/ca\/wp-json\/wp\/v2\/clasificacion?post=7080"}],"curies":[{"name":"wp","href":"https:\/\/api.w.org\/{rel}","templated":true}]}}

<p>Joan Capdevila s’incorpora a Vinces, com Director de l´oficina de Catalunya.</p>
<p>Veterinari de formació, acadèmic numerari de l’Acadèmia de Ciències Veterinàries de Catalunya, en Joan té una dilatada experiència en el sector públic. Entre l’any i 2024 ha ocupat el càrrec de delegat del Govern català a Madrid. A més, <span class="Y2IQFc" lang="ca">ha estat diputat independent del Grup Republicà a les XI, XII, XIII i XIV legislatures a les Corts General</span>, assumint les funcions de president de la Comissió d’Indústria, Comerç i Turisme. També ha estat portaveu a les comissions d’Economia, de Transició Ecològica, d’Hisenda i de Pressupostos. Al llarg de la seva carrera com a diputat ha participat com a ponent en més de 30 processos legislatius. Entre els anys 2008 i 2011 fou el primer director del diari digital El Matí.</p>
<p>&nbsp;</p>
<p><strong>Formació acadèmica</strong>:</p>
<ul>
<li>Llicenciat en Veterinària per a la Universitat d’Extremadura.</li>
<li>Màster ADCV por la Universitat Autònoma de Barcelona.</li>
<li>Programa de Lideratge en Polítiques d’Emprenedoria a Deusto Business School.</li>
<li>Programa Executiu en Governança del Sector Públic a ESADE.</li>
</ul>
