{"id":6798,"date":"2024-09-04T09:51:33","date_gmt":"2024-09-04T07:51:33","guid":{"rendered":"https:\/\/vincesconsulting.com\/equipo\/dionisio-uria\/"},"modified":"2024-09-05T12:01:46","modified_gmt":"2024-09-05T10:01:46","slug":"dionisio-uria","status":"publish","type":"equipo","link":"https:\/\/vincesconsulting.com\/ca\/equipo\/dionisio-uria\/","title":{"rendered":"Dionisio Ur\u00eda"},"content":{"rendered":"<p class=\"p1\">En Dionisio \u00e9s director de Desenvolupament Corporatiu de Vinces. Des d\u2019aquesta funci\u00f3 participa en l\u2019estrat\u00e8gia de desenvolupament i creixement establert per la firma,<span class=\"Apple-converted-space\">\u00a0 <\/span>vetllant pel treball m\u00e9s eficient dels recursos i per salvaguardar els valors, la missi\u00f3 i la visi\u00f3 de Vinces.<\/p>\n<p class=\"p1\">Anteriorment, en Dionisio ha portat a terme la seva activitat professional en l\u2019entorn de la gesti\u00f3 d\u2019intangibles, especialment dedicat als \u00e0mbits de la reputaci\u00f3, la comunicaci\u00f3 corporativa i les relacions institucionals (estrat\u00e8gies de \u201cno mercat\u201d). Ha estat el director de Relacions Externes de Ur\u00eda Men\u00e9ndez, firma de la qual va<span class=\"Apple-converted-space\">\u00a0 <\/span>formar part durant 15 anys i en la qual va coordinar les accions relacionades amb la comunicaci\u00f3 corporativa, les relacions institucionals, les relacions internacionals, el desenvolupament de negoci i la sostenibilitat.<\/p>\n<p class=\"p1\">A m\u00e9s a m\u00e9s, en Dionisio \u00e9s patr\u00f3 de la Fundaci\u00f3 Professor Ur\u00eda i de la Fundaci\u00f3 Acci\u00f3 per a la M\u00fasica.<\/p>\n<p class=\"p1\"><b>Formaci\u00f3 acad\u00e8mica<\/b><\/p>\n<ul class=\"ul1\">\n<li class=\"li1\">IMBA (International Master in Business Administration) por IE Business School.<\/li>\n<li class=\"li1\">Programa de Gesti\u00f3 Estrat\u00e8gica i Lideratge Social (IESE).<\/li>\n<li class=\"li1\">Programa de formaci\u00f3 en Comunicaci\u00f3 No Violenta (Institut de Comunicaci\u00f3 No Violenta).<\/li>\n<li class=\"li1\">Llicenciatura de Dret (Universitat Nebrija).<\/li>\n<\/ul>\n","protected":false},"featured_media":6796,"template":"","clasificacion":[],"class_list":["post-6798","equipo","type-equipo","status-publish","has-post-thumbnail","hentry"],"acf":[],"_links":{"self":[{"href":"https:\/\/vincesconsulting.com\/ca\/wp-json\/wp\/v2\/equipo\/6798","targetHints":{"allow":["GET"]}}],"collection":[{"href":"https:\/\/vincesconsulting.com\/ca\/wp-json\/wp\/v2\/equipo"}],"about":[{"href":"https:\/\/vincesconsulting.com\/ca\/wp-json\/wp\/v2\/types\/equipo"}],"wp:featuredmedia":[{"embeddable":true,"href":"https:\/\/vincesconsulting.com\/ca\/wp-json\/wp\/v2\/media\/6796"}],"wp:attachment":[{"href":"https:\/\/vincesconsulting.com\/ca\/wp-json\/wp\/v2\/media?parent=6798"}],"wp:term":[{"taxonomy":"clasificacion","embeddable":true,"href":"https:\/\/vincesconsulting.com\/ca\/wp-json\/wp\/v2\/clasificacion?post=6798"}],"curies":[{"name":"wp","href":"https:\/\/api.w.org\/{rel}","templated":true}]}}

Dionisio Uría

<p class="p1">En Dionisio és director de Desenvolupament Corporatiu de Vinces. Des d’aquesta funció participa en l’estratègia de desenvolupament i creixement establert per la firma,<span class="Apple-converted-space">  </span>vetllant pel treball més eficient dels recursos i per salvaguardar els valors, la missió i la visió de Vinces.</p>
<p class="p1">Anteriorment, en Dionisio ha portat a terme la seva activitat professional en l’entorn de la gestió d’intangibles, especialment dedicat als àmbits de la reputació, la comunicació corporativa i les relacions institucionals (estratègies de “no mercat”). Ha estat el director de Relacions Externes de Uría Menéndez, firma de la qual va<span class="Apple-converted-space">  </span>formar part durant 15 anys i en la qual va coordinar les accions relacionades amb la comunicació corporativa, les relacions institucionals, les relacions internacionals, el desenvolupament de negoci i la sostenibilitat.</p>
<p class="p1">A més a més, en Dionisio és patró de la Fundació Professor Uría i de la Fundació Acció per a la Música.</p>
<p class="p1"><b>Formació acadèmica</b></p>
<ul class="ul1">
<li class="li1">IMBA (International Master in Business Administration) por IE Business School.</li>
<li class="li1">Programa de Gestió Estratègica i Lideratge Social (IESE).</li>
<li class="li1">Programa de formació en Comunicació No Violenta (Institut de Comunicació No Violenta).</li>
<li class="li1">Llicenciatura de Dret (Universitat Nebrija).</li>
</ul>
