{"id":6231,"date":"2005-09-03T09:12:58","date_gmt":"2005-09-03T07:12:58","guid":{"rendered":"https:\/\/servidor7.rubrika.es\/equipo\/alejandro-cercas\/"},"modified":"2018-11-06T08:15:28","modified_gmt":"2018-11-06T07:15:28","slug":"alejandro-cercas","status":"publish","type":"equipo","link":"https:\/\/vincesconsulting.com\/ca\/equipo\/alejandro-cercas\/","title":{"rendered":"Alejandro Cercas"},"content":{"rendered":"<p>L\u2019Alejandro \u00e9s M\u00e0nager d\u2019Assumptes Europeus a VINCES. Des de l\u2019oficina de Brussel\u00b7les, s\u2019encarrega de gestionar la coordinaci\u00f3 de l\u2019equip situat a la capital comunit\u00e0ria, aix\u00ed com d\u2019elaborar i executar les estrat\u00e8gies d\u2019assumptes p\u00fablics en temes relacionats amb la Uni\u00f3 Europea, de la coordinaci\u00f3 d\u2019aliances estrat\u00e8giques i de donar suport de manera transversal als altres departaments de VINCES.<\/p>\n<p>L\u2019Alejandro compta, a m\u00e9s, amb una \u00e0mplia experi\u00e8ncia en el sector p\u00fablic, havent treballat en el Congr\u00e9s dels Diputats i en el Parlament Europeu com assessor en temes relacionats amb les llibertats fonamentals, assumptes constitucionals, assumptes exteriors i ajuda al desenvolupament. Aix\u00ed mateix, ha treballat durant diversos anys en consultoria d\u2019assumptes p\u00fablics a nivell europeu.<\/p>\n<p><strong>Formaci\u00f3 acad\u00e8mica:<\/strong><\/p>\n<ul>\n<li>Llicenciat en Dret per la Universitat Aut\u00f2noma de Madrid<\/li>\n<li>M\u00e0ster en Dret Europeu per l\u2019European University Institute (Florence)<\/li>\n<\/ul>\n","protected":false},"featured_media":7027,"template":"","clasificacion":[],"class_list":["post-6231","equipo","type-equipo","status-publish","has-post-thumbnail","hentry"],"acf":[],"_links":{"self":[{"href":"https:\/\/vincesconsulting.com\/ca\/wp-json\/wp\/v2\/equipo\/6231","targetHints":{"allow":["GET"]}}],"collection":[{"href":"https:\/\/vincesconsulting.com\/ca\/wp-json\/wp\/v2\/equipo"}],"about":[{"href":"https:\/\/vincesconsulting.com\/ca\/wp-json\/wp\/v2\/types\/equipo"}],"wp:featuredmedia":[{"embeddable":true,"href":"https:\/\/vincesconsulting.com\/ca\/wp-json\/wp\/v2\/media\/7027"}],"wp:attachment":[{"href":"https:\/\/vincesconsulting.com\/ca\/wp-json\/wp\/v2\/media?parent=6231"}],"wp:term":[{"taxonomy":"clasificacion","embeddable":true,"href":"https:\/\/vincesconsulting.com\/ca\/wp-json\/wp\/v2\/clasificacion?post=6231"}],"curies":[{"name":"wp","href":"https:\/\/api.w.org\/{rel}","templated":true}]}}

<p>L’Alejandro és Mànager d’Assumptes Europeus a VINCES. Des de l’oficina de Brussel·les, s’encarrega de gestionar la coordinació de l’equip situat a la capital comunitària, així com d’elaborar i executar les estratègies d’assumptes públics en temes relacionats amb la Unió Europea, de la coordinació d’aliances estratègiques i de donar suport de manera transversal als altres departaments de VINCES.</p>
<p>L’Alejandro compta, a més, amb una àmplia experiència en el sector públic, havent treballat en el Congrés dels Diputats i en el Parlament Europeu com assessor en temes relacionats amb les llibertats fonamentals, assumptes constitucionals, assumptes exteriors i ajuda al desenvolupament. Així mateix, ha treballat durant diversos anys en consultoria d’assumptes públics a nivell europeu.</p>
<p><strong>Formació acadèmica:</strong></p>
<ul>
<li>Llicenciat en Dret per la Universitat Autònoma de Madrid</li>
<li>Màster en Dret Europeu per l’European University Institute (Florence)</li>
</ul>
