{"id":6227,"date":"1979-01-26T15:07:27","date_gmt":"1979-01-26T14:07:27","guid":{"rendered":"https:\/\/servidor7.rubrika.es\/equipo\/marta-navas-rico\/"},"modified":"2025-03-09T14:37:02","modified_gmt":"2025-03-09T13:37:02","slug":"marta-navas-rico","status":"publish","type":"equipo","link":"https:\/\/vincesconsulting.com\/ca\/equipo\/marta-navas-rico\/","title":{"rendered":"Marta Navas Rico"},"content":{"rendered":"<p>La Marta forma part del Departament d&#8217;Assumptes Europeus assessorant de manera transversal i estrat\u00e8gica a empreses de diferents sectors en l&#8217;\u00e0mbit europeu, des de l&#8217;oficina de Brussel\u00b7les.<\/p>\n<p>Abans d&#8217;unir-se a Vinces, va treballar en l&#8217;\u00c0rea Delegada d&#8217;Internacionalitzaci\u00f3 i Cooperaci\u00f3 de l&#8217;Ajuntament de Madrid, on donava suport en la coordinaci\u00f3 de l&#8217;actuaci\u00f3 municipal en el foment i desenvolupament d&#8217;accions d&#8217;internacionalitzaci\u00f3, en l&#8217;\u00e0mbit de les pol\u00edtiques de Cooperaci\u00f3 al desenvolupament, fons i programes europeus. A m\u00e9s, la Marta va treballar en l\u2019assessoria jur\u00eddica i estrat\u00e8gica per a una empresa multinacional d&#8217;energies renovables. Paral\u00b7lelament, ha completat la seva formaci\u00f3 en el marc legislatiu europeu gr\u00e0cies a la seva direcci\u00f3 de simulacions del proc\u00e9s de presa de decisions de la UE en diferents pa\u00efsos.<\/p>\n<p><strong>Formaci\u00f3 acad\u00e8mica<\/strong><\/p>\n<ul>\n<li>M\u00e0ster (LLM) en Dret de la Uni\u00f3 Europea (Universidad Carlos III de Madrid).<\/li>\n<li>Postgrau de Lideratge Integral (Universidad Francisco de Vit\u00f2ria).<\/li>\n<li>Doble Llicenciatura biling\u00fce en Dret i Estudis Internacionals (Universidad Carlos III de Madrid).<\/li>\n<li>Ha complementat la seva formaci\u00f3 amb una estada acad\u00e8mica a Montpeller (Facult\u00e9 de Droit et de Science politique de Montpellier).<\/li>\n<\/ul>\n","protected":false},"featured_media":7030,"template":"","clasificacion":[],"class_list":["post-6227","equipo","type-equipo","status-publish","has-post-thumbnail","hentry"],"acf":[],"_links":{"self":[{"href":"https:\/\/vincesconsulting.com\/ca\/wp-json\/wp\/v2\/equipo\/6227","targetHints":{"allow":["GET"]}}],"collection":[{"href":"https:\/\/vincesconsulting.com\/ca\/wp-json\/wp\/v2\/equipo"}],"about":[{"href":"https:\/\/vincesconsulting.com\/ca\/wp-json\/wp\/v2\/types\/equipo"}],"wp:featuredmedia":[{"embeddable":true,"href":"https:\/\/vincesconsulting.com\/ca\/wp-json\/wp\/v2\/media\/7030"}],"wp:attachment":[{"href":"https:\/\/vincesconsulting.com\/ca\/wp-json\/wp\/v2\/media?parent=6227"}],"wp:term":[{"taxonomy":"clasificacion","embeddable":true,"href":"https:\/\/vincesconsulting.com\/ca\/wp-json\/wp\/v2\/clasificacion?post=6227"}],"curies":[{"name":"wp","href":"https:\/\/api.w.org\/{rel}","templated":true}]}}

<p>La Marta forma part del Departament d&#8217;Assumptes Europeus assessorant de manera transversal i estratègica a empreses de diferents sectors en l&#8217;àmbit europeu, des de l&#8217;oficina de Brussel·les.</p>
<p>Abans d&#8217;unir-se a Vinces, va treballar en l&#8217;Àrea Delegada d&#8217;Internacionalització i Cooperació de l&#8217;Ajuntament de Madrid, on donava suport en la coordinació de l&#8217;actuació municipal en el foment i desenvolupament d&#8217;accions d&#8217;internacionalització, en l&#8217;àmbit de les polítiques de Cooperació al desenvolupament, fons i programes europeus. A més, la Marta va treballar en l’assessoria jurídica i estratègica per a una empresa multinacional d&#8217;energies renovables. Paral·lelament, ha completat la seva formació en el marc legislatiu europeu gràcies a la seva direcció de simulacions del procés de presa de decisions de la UE en diferents països.</p>
<p><strong>Formació acadèmica</strong></p>
<ul>
<li>Màster (LLM) en Dret de la Unió Europea (Universidad Carlos III de Madrid).</li>
<li>Postgrau de Lideratge Integral (Universidad Francisco de Vitòria).</li>
<li>Doble Llicenciatura bilingüe en Dret i Estudis Internacionals (Universidad Carlos III de Madrid).</li>
<li>Ha complementat la seva formació amb una estada acadèmica a Montpeller (Faculté de Droit et de Science politique de Montpellier).</li>
</ul>
