{"id":6217,"date":"1980-04-16T07:29:01","date_gmt":"1980-04-16T05:29:01","guid":{"rendered":"https:\/\/servidor7.rubrika.es\/equipo\/marta-forero\/"},"modified":"2024-09-04T12:52:35","modified_gmt":"2024-09-04T10:52:35","slug":"marta-forero","status":"publish","type":"equipo","link":"https:\/\/vincesconsulting.com\/ca\/equipo\/marta-forero\/","title":{"rendered":"Marta Forero"},"content":{"rendered":"<p>La Marta est\u00e0 especialitzada en comunicaci\u00f3 estrat\u00e8gica i relat. Des del departament de Mobilitzaci\u00f3 &amp; Stakeholders, treballa en la ideaci\u00f3 i implementaci\u00f3 de campanyes de mobilitzaci\u00f3 social i incid\u00e8ncia pol\u00edtica.<\/p>\n<p>Abans de Vinces, va treballar com a periodista per a l&#8217;Ag\u00e8ncia Espanyola de Cooperaci\u00f3 a l&#8217;Ambaixada d&#8217;Espanya a Cuba, com a consultora de comunicaci\u00f3 per a diversos despatxos d&#8217;advocats i en el m\u00f3n dels influencers. Tamb\u00e9 es va exercir dins dels assumptes p\u00fablics a Santiago de Xile, i en l&#8217;assessorament de companyies IBEX 35 en mat\u00e8ria de reputaci\u00f3 i sostenibilitat.<\/p>\n<p>De manera paral\u00b7lela, col\u00b7labora amb mitjans especialitzats en comunicaci\u00f3 pol\u00edtica.<\/p>\n<p><strong>Formaci\u00f3 acad\u00e8mica:<\/strong><\/p>\n<ul>\n<li>M\u00e0ster en Comunicaci\u00f3 Pol\u00edtica i Corporativa (Universitat de Navarra)<\/li>\n<li>Grau en Periodisme (Universitat Europea)<\/li>\n<li>Grau en Relaciones Internacionales (Universitat Europea)<\/li>\n<li>Ha complementat la seva formaci\u00f3 amb estudis a la George Washington University (Estats Units) i a la Universitat Andr\u00e9s Bello (Xile)<\/li>\n<\/ul>\n","protected":false},"featured_media":6754,"template":"","clasificacion":[],"class_list":["post-6217","equipo","type-equipo","status-publish","has-post-thumbnail","hentry"],"acf":[],"_links":{"self":[{"href":"https:\/\/vincesconsulting.com\/ca\/wp-json\/wp\/v2\/equipo\/6217","targetHints":{"allow":["GET"]}}],"collection":[{"href":"https:\/\/vincesconsulting.com\/ca\/wp-json\/wp\/v2\/equipo"}],"about":[{"href":"https:\/\/vincesconsulting.com\/ca\/wp-json\/wp\/v2\/types\/equipo"}],"wp:featuredmedia":[{"embeddable":true,"href":"https:\/\/vincesconsulting.com\/ca\/wp-json\/wp\/v2\/media\/6754"}],"wp:attachment":[{"href":"https:\/\/vincesconsulting.com\/ca\/wp-json\/wp\/v2\/media?parent=6217"}],"wp:term":[{"taxonomy":"clasificacion","embeddable":true,"href":"https:\/\/vincesconsulting.com\/ca\/wp-json\/wp\/v2\/clasificacion?post=6217"}],"curies":[{"name":"wp","href":"https:\/\/api.w.org\/{rel}","templated":true}]}}

<p>La Marta està especialitzada en comunicació estratègica i relat. Des del departament de Mobilització &amp; Stakeholders, treballa en la ideació i implementació de campanyes de mobilització social i incidència política.</p>
<p>Abans de Vinces, va treballar com a periodista per a l&#8217;Agència Espanyola de Cooperació a l&#8217;Ambaixada d&#8217;Espanya a Cuba, com a consultora de comunicació per a diversos despatxos d&#8217;advocats i en el món dels influencers. També es va exercir dins dels assumptes públics a Santiago de Xile, i en l&#8217;assessorament de companyies IBEX 35 en matèria de reputació i sostenibilitat.</p>
<p>De manera paral·lela, col·labora amb mitjans especialitzats en comunicació política.</p>
<p><strong>Formació acadèmica:</strong></p>
<ul>
<li>Màster en Comunicació Política i Corporativa (Universitat de Navarra)</li>
<li>Grau en Periodisme (Universitat Europea)</li>
<li>Grau en Relaciones Internacionales (Universitat Europea)</li>
<li>Ha complementat la seva formació amb estudis a la George Washington University (Estats Units) i a la Universitat Andrés Bello (Xile)</li>
</ul>
