{"id":6216,"date":"1980-04-17T17:11:39","date_gmt":"1980-04-17T15:11:39","guid":{"rendered":"https:\/\/servidor7.rubrika.es\/equipo\/pablo-exposito\/"},"modified":"2025-03-09T14:36:46","modified_gmt":"2025-03-09T13:36:46","slug":"pablo-exposito","status":"publish","type":"equipo","link":"https:\/\/vincesconsulting.com\/ca\/equipo\/pablo-exposito\/","title":{"rendered":"Pablo Exp\u00f3sito"},"content":{"rendered":"<p>Com a membre del Departament d&#8217;Assumptes Europeus, el Pablo presta assessorament estrat\u00e8gic en assumptes relacionats a les institucions comunit\u00e0ries. Des de l&#8217;oficina de Brussel\u00b7les, treballa principalment en els \u00e0mbits de salut, sostenibilitat i sector agroalimentari.<\/p>\n<p>Abans d&#8217;unir-se a Vinces, va treballar a la Delegaci\u00f3 del Govern Basc a la UE. A m\u00e9s, t\u00e9 experi\u00e8ncia pr\u00e8via en l&#8217;\u00e0mbit dels assumptes p\u00fablics a Espanya.<\/p>\n<p><strong>Formaci\u00f3 acad\u00e8mica<\/strong><\/p>\n<ul>\n<li>M\u00e0ster (MSc) de Teoria de les Relacions Internacionals (Escola d&#8217;Economia i Ci\u00e8ncia Pol\u00edtica de Londres \u2013 LSE).<\/li>\n<li>Grau en Filosofia, Pol\u00edtica i Economia (Universitat Pompeu Fabra, Universitat Carles III de Madrid i Universitat Aut\u00f2noma de Madrid).<\/li>\n<\/ul>\n","protected":false},"featured_media":6757,"template":"","clasificacion":[],"class_list":["post-6216","equipo","type-equipo","status-publish","has-post-thumbnail","hentry"],"acf":[],"_links":{"self":[{"href":"https:\/\/vincesconsulting.com\/ca\/wp-json\/wp\/v2\/equipo\/6216","targetHints":{"allow":["GET"]}}],"collection":[{"href":"https:\/\/vincesconsulting.com\/ca\/wp-json\/wp\/v2\/equipo"}],"about":[{"href":"https:\/\/vincesconsulting.com\/ca\/wp-json\/wp\/v2\/types\/equipo"}],"wp:featuredmedia":[{"embeddable":true,"href":"https:\/\/vincesconsulting.com\/ca\/wp-json\/wp\/v2\/media\/6757"}],"wp:attachment":[{"href":"https:\/\/vincesconsulting.com\/ca\/wp-json\/wp\/v2\/media?parent=6216"}],"wp:term":[{"taxonomy":"clasificacion","embeddable":true,"href":"https:\/\/vincesconsulting.com\/ca\/wp-json\/wp\/v2\/clasificacion?post=6216"}],"curies":[{"name":"wp","href":"https:\/\/api.w.org\/{rel}","templated":true}]}}

Pablo Expósito

<p>Com a membre del Departament d&#8217;Assumptes Europeus, el Pablo presta assessorament estratègic en assumptes relacionats a les institucions comunitàries. Des de l&#8217;oficina de Brussel·les, treballa principalment en els àmbits de salut, sostenibilitat i sector agroalimentari.</p>
<p>Abans d&#8217;unir-se a Vinces, va treballar a la Delegació del Govern Basc a la UE. A més, té experiència prèvia en l&#8217;àmbit dels assumptes públics a Espanya.</p>
<p><strong>Formació acadèmica</strong></p>
<ul>
<li>Màster (MSc) de Teoria de les Relacions Internacionals (Escola d&#8217;Economia i Ciència Política de Londres – LSE).</li>
<li>Grau en Filosofia, Política i Economia (Universitat Pompeu Fabra, Universitat Carles III de Madrid i Universitat Autònoma de Madrid).</li>
</ul>
