{"id":6208,"date":"2016-09-09T10:32:38","date_gmt":"2016-09-09T08:32:38","guid":{"rendered":"https:\/\/servidor7.rubrika.es\/equipo\/jorge-cordova\/"},"modified":"2019-12-07T10:00:47","modified_gmt":"2019-12-07T09:00:47","slug":"jorge-cordova","status":"publish","type":"equipo","link":"https:\/\/vincesconsulting.com\/ca\/equipo\/jorge-cordova\/","title":{"rendered":"Jorge C\u00f3rdova"},"content":{"rendered":"<p>El Jorge C\u00f3rdova s&#8217;ha incorporat a VINCES per a liderar la transformaci\u00f3 digital que els departaments d&#8217;assumptes p\u00fablics de les empreses i organitzacions demanden, sigui en la manera d&#8217;obtenir intel\u00b7lig\u00e8ncia, tant en l&#8217;ordenaci\u00f3 del treball amb els grups d&#8217;inter\u00e8s, aix\u00ed com en l&#8217;automatitzaci\u00f3 del seguiment dels canvis legislatius.<\/p>\n<p>El Jorge compta amb una \u00e0mplia experi\u00e8ncia de m\u00e9s de 20 anys havent treballat en una multinacional americana, l\u00edder mundial en el sector tecnol\u00f2gic, gestionant i liderant equips en diversos pa\u00efsos d&#8217;Europa. A m\u00e9s, ha liderat amb \u00e8xit el desenvolupament de nous mercats i models de negoci, implementant les \u00faltimes tecnologies com el 5G, Intel\u00b7lig\u00e8ncia Artificial, Blockchain, creant ecosistemes i aliances entre empreses que han impulsat la transformaci\u00f3 digital del nostre pa\u00eds en sectors com la Ind\u00fastria, Educaci\u00f3, Turisme, sector P\u00fablic, entre altres.<\/p>\n<p>Ha participat en diversos f\u00f2rums i esdeveniments com el MWC o 4YFN, reunint l\u00edders del sector privat i p\u00fablic, governs i alts funcionaris de l&#8217;administraci\u00f3 per a avaluaci\u00f3 i desenvolupament de noves pol\u00edtiques p\u00fabliques.<\/p>\n<p>Ha rebut per part del CEO Brian Krzanich d&#8217;Intel Corporation, el guard\u00f3 al millor projecte mundial de Smart City (Mou TV TMB Barcelona transportation project)<\/p>\n<p><strong>Formaci\u00f3 acad\u00e8mica<\/strong><\/p>\n<ul>\n<li>Enginyer en Telecomunicacions (Universitat Polit\u00e8cnica de Catalunya)<\/li>\n<li>Programa Desenvolupament Directiu (IESE)<\/li>\n<li>Artificial Intelligence: Implication for Business Strategy (MIT Management Sloan School)<\/li>\n<\/ul>\n","protected":false},"featured_media":7052,"template":"","clasificacion":[],"class_list":["post-6208","equipo","type-equipo","status-publish","has-post-thumbnail","hentry"],"acf":[],"_links":{"self":[{"href":"https:\/\/vincesconsulting.com\/ca\/wp-json\/wp\/v2\/equipo\/6208","targetHints":{"allow":["GET"]}}],"collection":[{"href":"https:\/\/vincesconsulting.com\/ca\/wp-json\/wp\/v2\/equipo"}],"about":[{"href":"https:\/\/vincesconsulting.com\/ca\/wp-json\/wp\/v2\/types\/equipo"}],"wp:featuredmedia":[{"embeddable":true,"href":"https:\/\/vincesconsulting.com\/ca\/wp-json\/wp\/v2\/media\/7052"}],"wp:attachment":[{"href":"https:\/\/vincesconsulting.com\/ca\/wp-json\/wp\/v2\/media?parent=6208"}],"wp:term":[{"taxonomy":"clasificacion","embeddable":true,"href":"https:\/\/vincesconsulting.com\/ca\/wp-json\/wp\/v2\/clasificacion?post=6208"}],"curies":[{"name":"wp","href":"https:\/\/api.w.org\/{rel}","templated":true}]}}

Jorge Córdova

<p>El Jorge Córdova s&#8217;ha incorporat a VINCES per a liderar la transformació digital que els departaments d&#8217;assumptes públics de les empreses i organitzacions demanden, sigui en la manera d&#8217;obtenir intel·ligència, tant en l&#8217;ordenació del treball amb els grups d&#8217;interès, així com en l&#8217;automatització del seguiment dels canvis legislatius.</p>
<p>El Jorge compta amb una àmplia experiència de més de 20 anys havent treballat en una multinacional americana, líder mundial en el sector tecnològic, gestionant i liderant equips en diversos països d&#8217;Europa. A més, ha liderat amb èxit el desenvolupament de nous mercats i models de negoci, implementant les últimes tecnologies com el 5G, Intel·ligència Artificial, Blockchain, creant ecosistemes i aliances entre empreses que han impulsat la transformació digital del nostre país en sectors com la Indústria, Educació, Turisme, sector Públic, entre altres.</p>
<p>Ha participat en diversos fòrums i esdeveniments com el MWC o 4YFN, reunint líders del sector privat i públic, governs i alts funcionaris de l&#8217;administració per a avaluació i desenvolupament de noves polítiques públiques.</p>
<p>Ha rebut per part del CEO Brian Krzanich d&#8217;Intel Corporation, el guardó al millor projecte mundial de Smart City (Mou TV TMB Barcelona transportation project)</p>
<p><strong>Formació acadèmica</strong></p>
<ul>
<li>Enginyer en Telecomunicacions (Universitat Politècnica de Catalunya)</li>
<li>Programa Desenvolupament Directiu (IESE)</li>
<li>Artificial Intelligence: Implication for Business Strategy (MIT Management Sloan School)</li>
</ul>
