{"id":6207,"date":"2015-09-06T06:54:51","date_gmt":"2015-09-06T04:54:51","guid":{"rendered":"https:\/\/servidor7.rubrika.es\/equipo\/carlos-carnero\/"},"modified":"2019-11-07T14:40:41","modified_gmt":"2019-11-07T13:40:41","slug":"carlos-carnero","status":"publish","type":"equipo","link":"https:\/\/vincesconsulting.com\/ca\/equipo\/carlos-carnero\/","title":{"rendered":"Carlos Carnero"},"content":{"rendered":"<p>Despr\u00e9s d&#8217;una extensa traject\u00f2ria en la pol\u00edtica nacional i europea, Carlos Carnero s&#8217;incorpora a Vinces com a Senior Advisor per a prestar assessorament estrat\u00e8gic als entorns pol\u00edtic, regulatori i social, amb especial focus en l&#8217;\u00e0mbit europeu.<\/p>\n<p>Carlos compta amb una \u00e0mplia experi\u00e8ncia a la Uni\u00f3 Europea i el serveis p\u00fablics. Com a diputat europeu (1994 \u2013 2009), del Partit Socialista Obrer Espanyol va ser membre de la convenci\u00f3 que va elaborar la Constituci\u00f3 Europea, de les Comissions d&#8217;Afers Exteriors, Assumptes Constitucionals, Comer\u00e7 Internacional i Desenvolupament, aix\u00ed com portaveu socialista en l&#8217;Assemblea Parlament\u00e0ria Euromediterr\u00e0nia. A m\u00e9s, en l&#8217;\u00e0mbit nacional, va exercir de diputat a l&#8217;Assemblea de Madrid, instituci\u00f3 on va ser president de la Comissi\u00f3 d&#8217;Estudi per a la recuperaci\u00f3 i impuls de l&#8217;activitat econ\u00f2mica i social de la Comunitat de Madrid i portaveu d&#8217;economia del Grup Socialista.<\/p>\n<p>Ha estat tamb\u00e9 ambaixador d&#8217;Espanya en missi\u00f3 especial per a projectes en el marc de la integraci\u00f3 europea, membre del Consell Assessor d&#8217;Assumptes Europeus de la Comunitat de Madrid, membre de la presid\u00e8ncia del Partit Socialista Europeu i director gerent de la Fundaci\u00f3 Alternatives.<\/p>\n<p>Actualment \u00e9s membre del Consell d&#8217;Assesors del Real Institut Elcano i \u00e9s professor en institucions acad\u00e8miques com la Universidad CEU San Pablo o la Escuela Diplom\u00e1tica.<\/p>\n<p><strong>Formaci\u00f3 acad\u00e8mica<\/strong><\/p>\n<ul>\n<li>Diploma de Postgrau en Gesti\u00f3 Estrat\u00e8gica i Lideratge Social, IESE Business School.<\/li>\n<li>Diploma Universitari en Turisme, Universitat Oberta de Catalunya.<\/li>\n<\/ul>\n<p><strong>Publicacions<\/strong><\/p>\n<ul>\n<li>\u201c<a href=\"http:\/\/www.realinstitutoelcano.org\/wps\/portal\/rielcano_es\/publicacion?WCM_GLOBAL_CONTEXT=\/elcano\/elcano_es\/publicaciones\/construyendo+la+constituci_n+europea.+cr_nica+pol_tica+de+la+convenci_n\" target=\"_blank\" rel=\"noopener\">Cr\u00f3nica pol\u00edtica de la Convenci\u00f3n Europea<\/a>\u201d, Revesteixi Institut\u00a0Elcano.<\/li>\n<li>\u201cManual de Instrucciones de la Constituci\u00f3n Europea\u201d, Lua\u00a0Edicions.<\/li>\n<\/ul>\n","protected":false},"featured_media":5734,"template":"","clasificacion":[],"class_list":["post-6207","equipo","type-equipo","status-publish","has-post-thumbnail","hentry"],"acf":[],"_links":{"self":[{"href":"https:\/\/vincesconsulting.com\/ca\/wp-json\/wp\/v2\/equipo\/6207","targetHints":{"allow":["GET"]}}],"collection":[{"href":"https:\/\/vincesconsulting.com\/ca\/wp-json\/wp\/v2\/equipo"}],"about":[{"href":"https:\/\/vincesconsulting.com\/ca\/wp-json\/wp\/v2\/types\/equipo"}],"wp:featuredmedia":[{"embeddable":true,"href":"https:\/\/vincesconsulting.com\/ca\/wp-json\/wp\/v2\/media\/5734"}],"wp:attachment":[{"href":"https:\/\/vincesconsulting.com\/ca\/wp-json\/wp\/v2\/media?parent=6207"}],"wp:term":[{"taxonomy":"clasificacion","embeddable":true,"href":"https:\/\/vincesconsulting.com\/ca\/wp-json\/wp\/v2\/clasificacion?post=6207"}],"curies":[{"name":"wp","href":"https:\/\/api.w.org\/{rel}","templated":true}]}}

<p>Després d&#8217;una extensa trajectòria en la política nacional i europea, Carlos Carnero s&#8217;incorpora a Vinces com a Senior Advisor per a prestar assessorament estratègic als entorns polític, regulatori i social, amb especial focus en l&#8217;àmbit europeu.</p>
<p>Carlos compta amb una àmplia experiència a la Unió Europea i el serveis públics. Com a diputat europeu (1994 – 2009), del Partit Socialista Obrer Espanyol va ser membre de la convenció que va elaborar la Constitució Europea, de les Comissions d&#8217;Afers Exteriors, Assumptes Constitucionals, Comerç Internacional i Desenvolupament, així com portaveu socialista en l&#8217;Assemblea Parlamentària Euromediterrània. A més, en l&#8217;àmbit nacional, va exercir de diputat a l&#8217;Assemblea de Madrid, institució on va ser president de la Comissió d&#8217;Estudi per a la recuperació i impuls de l&#8217;activitat econòmica i social de la Comunitat de Madrid i portaveu d&#8217;economia del Grup Socialista.</p>
<p>Ha estat també ambaixador d&#8217;Espanya en missió especial per a projectes en el marc de la integració europea, membre del Consell Assessor d&#8217;Assumptes Europeus de la Comunitat de Madrid, membre de la presidència del Partit Socialista Europeu i director gerent de la Fundació Alternatives.</p>
<p>Actualment és membre del Consell d&#8217;Assesors del Real Institut Elcano i és professor en institucions acadèmiques com la Universidad CEU San Pablo o la Escuela Diplomática.</p>
<p><strong>Formació acadèmica</strong></p>
<ul>
<li>Diploma de Postgrau en Gestió Estratègica i Lideratge Social, IESE Business School.</li>
<li>Diploma Universitari en Turisme, Universitat Oberta de Catalunya.</li>
</ul>
<p><strong>Publicacions</strong></p>
<ul>
<li>“<a href="http://www.realinstitutoelcano.org/wps/portal/rielcano_es/publicacion?WCM_GLOBAL_CONTEXT=/elcano/elcano_es/publicaciones/construyendo+la+constituci_n+europea.+cr_nica+pol_tica+de+la+convenci_n" target="_blank" rel="noopener">Crónica política de la Convención Europea</a>”, Revesteixi Institut Elcano.</li>
<li>“Manual de Instrucciones de la Constitución Europea”, Lua Edicions.</li>
</ul>
