{"id":6202,"date":"1990-06-01T13:05:48","date_gmt":"1990-06-01T11:05:48","guid":{"rendered":"https:\/\/servidor7.rubrika.es\/equipo\/albert-jimenez\/"},"modified":"2018-06-07T14:41:36","modified_gmt":"2018-06-07T12:41:36","slug":"albert-jimenez","status":"publish","type":"equipo","link":"https:\/\/vincesconsulting.com\/ca\/equipo\/albert-jimenez\/","title":{"rendered":"Albert Jim\u00e9nez"},"content":{"rendered":"<p>L&#8217;Albert enfoca la seva pr\u00e0ctica en la definici\u00f3 i implementaci\u00f3 d&#8217;estrat\u00e8gies reguladores, pol\u00edtiques i socials per a companyies digitals. Aix\u00ed mateix, des de l&#8217;oficina de Barcelona presta assessorament a companyies nacionals i internacionals de diversos sectors.<\/p>\n<p>Previ a la seva incorporaci\u00f3 a Vinces, va treballar a la Direcci\u00f3 General de Comunicaci\u00f3 del Parlament Europeu de Barcelona, en la secci\u00f3 internacional de La Vanguardia i en diferents programes de la Corporaci\u00f3 Catalana de Mitjans Audiovisuals.<\/p>\n<p style=\"font-weight: 400;\"><strong>Formaci\u00f3 Acad\u00e8mica<\/strong><\/p>\n<ul>\n<li style=\"font-weight: 400;\">M\u00e0ster en Relacions Internacionals (Institut Barcelona d&#8217;Estudis Internacionals).<\/li>\n<li style=\"font-weight: 400;\">\u00a0Graduat en Dret i Periodisme per la Universitat Pompeu Fabra.<\/li>\n<\/ul>\n","protected":false},"featured_media":6954,"template":"","clasificacion":[],"class_list":["post-6202","equipo","type-equipo","status-publish","has-post-thumbnail","hentry"],"acf":[],"_links":{"self":[{"href":"https:\/\/vincesconsulting.com\/ca\/wp-json\/wp\/v2\/equipo\/6202","targetHints":{"allow":["GET"]}}],"collection":[{"href":"https:\/\/vincesconsulting.com\/ca\/wp-json\/wp\/v2\/equipo"}],"about":[{"href":"https:\/\/vincesconsulting.com\/ca\/wp-json\/wp\/v2\/types\/equipo"}],"wp:featuredmedia":[{"embeddable":true,"href":"https:\/\/vincesconsulting.com\/ca\/wp-json\/wp\/v2\/media\/6954"}],"wp:attachment":[{"href":"https:\/\/vincesconsulting.com\/ca\/wp-json\/wp\/v2\/media?parent=6202"}],"wp:term":[{"taxonomy":"clasificacion","embeddable":true,"href":"https:\/\/vincesconsulting.com\/ca\/wp-json\/wp\/v2\/clasificacion?post=6202"}],"curies":[{"name":"wp","href":"https:\/\/api.w.org\/{rel}","templated":true}]}}

Albert Jiménez

<p>L&#8217;Albert enfoca la seva pràctica en la definició i implementació d&#8217;estratègies reguladores, polítiques i socials per a companyies digitals. Així mateix, des de l&#8217;oficina de Barcelona presta assessorament a companyies nacionals i internacionals de diversos sectors.</p>
<p>Previ a la seva incorporació a Vinces, va treballar a la Direcció General de Comunicació del Parlament Europeu de Barcelona, en la secció internacional de La Vanguardia i en diferents programes de la Corporació Catalana de Mitjans Audiovisuals.</p>
<p style="font-weight: 400;"><strong>Formació Acadèmica</strong></p>
<ul>
<li style="font-weight: 400;">Màster en Relacions Internacionals (Institut Barcelona d&#8217;Estudis Internacionals).</li>
<li style="font-weight: 400;"> Graduat en Dret i Periodisme per la Universitat Pompeu Fabra.</li>
</ul>
