{"id":6201,"date":"1990-07-08T09:19:17","date_gmt":"1990-07-08T07:19:17","guid":{"rendered":"https:\/\/servidor7.rubrika.es\/equipo\/anna-sanramon\/"},"modified":"2018-07-07T14:34:48","modified_gmt":"2018-07-07T12:34:48","slug":"anna-sanramon","status":"publish","type":"equipo","link":"https:\/\/vincesconsulting.com\/ca\/equipo\/anna-sanramon\/","title":{"rendered":"Anna Sanramon"},"content":{"rendered":"<p>L&#8217;Anna presta assessorament estrat\u00e8gic en assumptes p\u00fablics en l&#8217;\u00e0mbit pol\u00edtic, legislatiu i social a empreses del sector de la salut.<\/p>\n<p>Abans d&#8217;unir-se a Vinces, va realitzar pr\u00e0ctiques professionals al Ministeri d&#8217;Assumptes Exteriors, Uni\u00f3 Europea i Cooperaci\u00f3. Posteriorment, ha treballat prestant assessorament a l&#8217;\u00e0rea del Dret Internacional en un despatx alemany, i com a policy officer a la Delegaci\u00f3 de la Comunitat Valenciana a la Uni\u00f3 Europea. Paral\u00b7lelament, ha col\u00b7laborat de forma volunt\u00e0ria amb organitzacions no governamentals de desenvolupament com Amnistia Internacional i Helsinki Espanya en l&#8217;\u00e0mbit dels drets humans.<\/p>\n<p class=\"p1\"><strong>Formaci\u00f3 Acad\u00e8mica<\/strong><\/p>\n<ul class=\"ul1\">\n<li class=\"li1\">M\u00e0ster en Uni\u00f3 Europea, Drets Fonamentals i Governan\u00e7a Multinivell (Universitat Nacional d&#8217;Educaci\u00f3 a Dist\u00e0ncia).<\/li>\n<li class=\"li1\">M\u00e0ster en Assumptes Internacionals: Economia, Pol\u00edtica i Dret (Universitat Pontificia de Comillas &#8211; ICADE i la Universitat de Georgetown).<\/li>\n<li class=\"li1\">Graduada en Dret i Ci\u00e8ncies Pol\u00edtiques i de l&#8217;administraci\u00f3 p\u00fablica (Universitat de Val\u00e8ncia i Universitat Pompeu Fabra de Barcelona).<\/li>\n<\/ul>\n","protected":false},"featured_media":6739,"template":"","clasificacion":[],"class_list":["post-6201","equipo","type-equipo","status-publish","has-post-thumbnail","hentry"],"acf":[],"_links":{"self":[{"href":"https:\/\/vincesconsulting.com\/ca\/wp-json\/wp\/v2\/equipo\/6201","targetHints":{"allow":["GET"]}}],"collection":[{"href":"https:\/\/vincesconsulting.com\/ca\/wp-json\/wp\/v2\/equipo"}],"about":[{"href":"https:\/\/vincesconsulting.com\/ca\/wp-json\/wp\/v2\/types\/equipo"}],"wp:featuredmedia":[{"embeddable":true,"href":"https:\/\/vincesconsulting.com\/ca\/wp-json\/wp\/v2\/media\/6739"}],"wp:attachment":[{"href":"https:\/\/vincesconsulting.com\/ca\/wp-json\/wp\/v2\/media?parent=6201"}],"wp:term":[{"taxonomy":"clasificacion","embeddable":true,"href":"https:\/\/vincesconsulting.com\/ca\/wp-json\/wp\/v2\/clasificacion?post=6201"}],"curies":[{"name":"wp","href":"https:\/\/api.w.org\/{rel}","templated":true}]}}

<p>L&#8217;Anna presta assessorament estratègic en assumptes públics en l&#8217;àmbit polític, legislatiu i social a empreses del sector de la salut.</p>
<p>Abans d&#8217;unir-se a Vinces, va realitzar pràctiques professionals al Ministeri d&#8217;Assumptes Exteriors, Unió Europea i Cooperació. Posteriorment, ha treballat prestant assessorament a l&#8217;àrea del Dret Internacional en un despatx alemany, i com a policy officer a la Delegació de la Comunitat Valenciana a la Unió Europea. Paral·lelament, ha col·laborat de forma voluntària amb organitzacions no governamentals de desenvolupament com Amnistia Internacional i Helsinki Espanya en l&#8217;àmbit dels drets humans.</p>
<p class="p1"><strong>Formació Acadèmica</strong></p>
<ul class="ul1">
<li class="li1">Màster en Unió Europea, Drets Fonamentals i Governança Multinivell (Universitat Nacional d&#8217;Educació a Distància).</li>
<li class="li1">Màster en Assumptes Internacionals: Economia, Política i Dret (Universitat Pontificia de Comillas &#8211; ICADE i la Universitat de Georgetown).</li>
<li class="li1">Graduada en Dret i Ciències Polítiques i de l&#8217;administració pública (Universitat de València i Universitat Pompeu Fabra de Barcelona).</li>
</ul>
