{"id":6200,"date":"2005-09-03T09:47:33","date_gmt":"2005-09-03T07:47:33","guid":{"rendered":"https:\/\/servidor7.rubrika.es\/equipo\/raquel-garcia\/"},"modified":"2018-11-07T13:56:16","modified_gmt":"2018-11-07T12:56:16","slug":"raquel-garcia","status":"publish","type":"equipo","link":"https:\/\/vincesconsulting.com\/ca\/equipo\/raquel-garcia\/","title":{"rendered":"Raquel Garc\u00eda"},"content":{"rendered":"<p>La Raquel presta assessorament estrat\u00e8gic a companyies estrangeres i nacionals en assumptes corporatius i governamentals. Forma part del departament de Mobilitzaci\u00f3 &amp; Stakeholders i est\u00e0 especialitzada en la creaci\u00f3 de comunitats, gesti\u00f3 de stakeholders, disseny de campanyes d\u2019incid\u00e8ncia pol\u00edtica i mobilitzaci\u00f3 social.<\/p>\n<p>Abans d\u2019unir-se a Vinces, va treballar al Ministeri d\u2019Afers Exteriors i de Cooperaci\u00f3, a l\u2019Ambaixada d\u2019Espanya i Copenhaguen i a la Confer\u00e8ncia de Ministres de Just\u00edcia dels Pa\u00efsos Iberoamericans. De forma paral\u00b7lela, ha treballat durant tres anys com a volunt\u00e0ria per a una ONG internacional dissenyant i implementant campanyes d\u2019advocacy.<\/p>\n<p><strong>Formaci\u00f3 acad\u00e8mica<\/strong><\/p>\n<ul>\n<li>M\u00e0ster en Uni\u00f3 Europea (Institut Europeu).<\/li>\n<li>M\u00e0ster en Cooperaci\u00f3 Internacional al Desenvolupament (Universitat Pontif\u00edcia de Comillas \u2013 ICADE, Madrid). Premi extraordinari de fi de m\u00e0ster.<\/li>\n<li>Graduada en Dret i Ci\u00e8ncies Pol\u00edtiques i de l\u2019Administraci\u00f3 P\u00fablica (Universitat Pontif\u00edcia de Comillas ICADE\u2013 Madrid).<\/li>\n<\/ul>\n","protected":false},"featured_media":5444,"template":"","clasificacion":[],"class_list":["post-6200","equipo","type-equipo","status-publish","has-post-thumbnail","hentry"],"acf":[],"_links":{"self":[{"href":"https:\/\/vincesconsulting.com\/ca\/wp-json\/wp\/v2\/equipo\/6200","targetHints":{"allow":["GET"]}}],"collection":[{"href":"https:\/\/vincesconsulting.com\/ca\/wp-json\/wp\/v2\/equipo"}],"about":[{"href":"https:\/\/vincesconsulting.com\/ca\/wp-json\/wp\/v2\/types\/equipo"}],"wp:featuredmedia":[{"embeddable":true,"href":"https:\/\/vincesconsulting.com\/ca\/wp-json\/wp\/v2\/media\/5444"}],"wp:attachment":[{"href":"https:\/\/vincesconsulting.com\/ca\/wp-json\/wp\/v2\/media?parent=6200"}],"wp:term":[{"taxonomy":"clasificacion","embeddable":true,"href":"https:\/\/vincesconsulting.com\/ca\/wp-json\/wp\/v2\/clasificacion?post=6200"}],"curies":[{"name":"wp","href":"https:\/\/api.w.org\/{rel}","templated":true}]}}

Raquel García

<p>La Raquel presta assessorament estratègic a companyies estrangeres i nacionals en assumptes corporatius i governamentals. Forma part del departament de Mobilització &amp; Stakeholders i està especialitzada en la creació de comunitats, gestió de stakeholders, disseny de campanyes d’incidència política i mobilització social.</p>
<p>Abans d’unir-se a Vinces, va treballar al Ministeri d’Afers Exteriors i de Cooperació, a l’Ambaixada d’Espanya i Copenhaguen i a la Conferència de Ministres de Justícia dels Països Iberoamericans. De forma paral·lela, ha treballat durant tres anys com a voluntària per a una ONG internacional dissenyant i implementant campanyes d’advocacy.</p>
<p><strong>Formació acadèmica</strong></p>
<ul>
<li>Màster en Unió Europea (Institut Europeu).</li>
<li>Màster en Cooperació Internacional al Desenvolupament (Universitat Pontifícia de Comillas – ICADE, Madrid). Premi extraordinari de fi de màster.</li>
<li>Graduada en Dret i Ciències Polítiques i de l’Administració Pública (Universitat Pontifícia de Comillas ICADE– Madrid).</li>
</ul>
