{"id":6199,"date":"2006-09-04T09:47:33","date_gmt":"2006-09-04T07:47:33","guid":{"rendered":"https:\/\/servidor7.rubrika.es\/equipo\/isabel-martin\/"},"modified":"2024-09-04T12:44:49","modified_gmt":"2024-09-04T10:44:49","slug":"isabel-martin","status":"publish","type":"equipo","link":"https:\/\/vincesconsulting.com\/ca\/equipo\/isabel-martin\/","title":{"rendered":"Isabel Mart\u00edn"},"content":{"rendered":"<p>La Isabel assessora empreses estrangeres i nacionals en assumptes corporatius i governamentals amb especial focus en l\u2019entorn social. \u00c9s membre del departament de Mobilitzaci\u00f3 &amp; Stakeholders, en el qual desenvolupa l\u2019estrat\u00e8gia i implementaci\u00f3 de campanyes de mobilitzaci\u00f3 social i incid\u00e8ncia pol\u00edtica.<\/p>\n<p>Abans de treballar a Vinces, ha servit de suport a diferents projectes etnogr\u00e0fics, en un marc universitari, desenvolupant habilitats en t\u00e8cniques d\u2019investigaci\u00f3 qualitativa i an\u00e0lisi de dades. Ha treballat com a Chief Marketing Manager (CMM) en les primeres fases de diverses empreses emergents i compta amb m\u00e9s de cinc anys d\u2019experi\u00e8ncia com a dissenyadora gr\u00e0fica freelance i en l\u2019\u00e0mbit de la comunicaci\u00f3 digital.<\/p>\n<p><strong>Formaci\u00f3 acad\u00e8mica<\/strong><\/p>\n<ul>\n<li>M\u00e0ster en Antropologia Social i Cultural per la Universitat Complutense de Madrid.<\/li>\n<li>Llicenciada en Publicitat i Relacions P\u00fabliques per la Universitat de Sevilla.<\/li>\n<\/ul>\n","protected":false},"featured_media":5683,"template":"","clasificacion":[],"class_list":["post-6199","equipo","type-equipo","status-publish","has-post-thumbnail","hentry"],"acf":[],"_links":{"self":[{"href":"https:\/\/vincesconsulting.com\/ca\/wp-json\/wp\/v2\/equipo\/6199","targetHints":{"allow":["GET"]}}],"collection":[{"href":"https:\/\/vincesconsulting.com\/ca\/wp-json\/wp\/v2\/equipo"}],"about":[{"href":"https:\/\/vincesconsulting.com\/ca\/wp-json\/wp\/v2\/types\/equipo"}],"wp:featuredmedia":[{"embeddable":true,"href":"https:\/\/vincesconsulting.com\/ca\/wp-json\/wp\/v2\/media\/5683"}],"wp:attachment":[{"href":"https:\/\/vincesconsulting.com\/ca\/wp-json\/wp\/v2\/media?parent=6199"}],"wp:term":[{"taxonomy":"clasificacion","embeddable":true,"href":"https:\/\/vincesconsulting.com\/ca\/wp-json\/wp\/v2\/clasificacion?post=6199"}],"curies":[{"name":"wp","href":"https:\/\/api.w.org\/{rel}","templated":true}]}}

Isabel Martín

<p>La Isabel assessora empreses estrangeres i nacionals en assumptes corporatius i governamentals amb especial focus en l’entorn social. És membre del departament de Mobilització &amp; Stakeholders, en el qual desenvolupa l’estratègia i implementació de campanyes de mobilització social i incidència política.</p>
<p>Abans de treballar a Vinces, ha servit de suport a diferents projectes etnogràfics, en un marc universitari, desenvolupant habilitats en tècniques d’investigació qualitativa i anàlisi de dades. Ha treballat com a Chief Marketing Manager (CMM) en les primeres fases de diverses empreses emergents i compta amb més de cinc anys d’experiència com a dissenyadora gràfica freelance i en l’àmbit de la comunicació digital.</p>
<p><strong>Formació acadèmica</strong></p>
<ul>
<li>Màster en Antropologia Social i Cultural per la Universitat Complutense de Madrid.</li>
<li>Llicenciada en Publicitat i Relacions Públiques per la Universitat de Sevilla.</li>
</ul>
