{"id":6194,"date":"2015-01-01T14:28:10","date_gmt":"2015-01-01T13:28:10","guid":{"rendered":"https:\/\/servidor7.rubrika.es\/equipo\/ricardo-riquelme\/"},"modified":"2024-09-04T12:39:22","modified_gmt":"2024-09-04T10:39:22","slug":"ricardo-riquelme","status":"publish","type":"equipo","link":"https:\/\/vincesconsulting.com\/ca\/equipo\/ricardo-riquelme\/","title":{"rendered":"Ricardo Riquelme"},"content":{"rendered":"<p>El Ricardo \u00e9s Director Associat i treballa dins del Sector de Sostenibilitat, prestant assessorament estrat\u00e8gic en mat\u00e8ria ambiental en assumptes com la sostenibilitat, la descarbonitzaci\u00f3, la gesti\u00f3 de crissi ambientals, canvi clim\u00e0tic, etc.<\/p>\n<p>Abans d&#8217;incorporar-se a VINCES, ha treballat a l&#8217;administraci\u00f3 p\u00fablica en l&#8217;\u00e0mbit local i auton\u00f2mic, destacant haver ocupat els c\u00e0rrecs de 1r tinent d&#8217;Alcalde i responsable de l&#8217;\u00c0rea de Govern d&#8217;Urbanisme i Medi ambient de l&#8217;Ajuntament de Majadahonda, regidor de Medi Ambient de l&#8217;Ajuntament de Las Rozas, director gerent de l&#8217;Institut Madrileny de I+D rural, agrari i alimentari, i director general de Medi Ambient del Govern de la Comunitat de Madrid.<\/p>\n<p><strong>Formaci\u00f3 acad\u00e8mica<\/strong><\/p>\n<ul>\n<li>Programa de lideratge en la Gesti\u00f3 P\u00fablica per l&#8217;IESE<\/li>\n<li>M\u00e0ster en Enginyeria i Gesti\u00f3 del Medi Ambient per l&#8217;Escola de l&#8217;Organitzaci\u00f3 Industrial (EOI).<\/li>\n<li>Graduat en Dret per la Universitat Nacional d&#8217;Educaci\u00f3 a Dist\u00e0ncia (UNED).<\/li>\n<li>Llicenciat en Biologia per la Universitat Complutense de Madrid.<\/li>\n<\/ul>\n","protected":false},"featured_media":7370,"template":"","clasificacion":[],"class_list":["post-6194","equipo","type-equipo","status-publish","has-post-thumbnail","hentry"],"acf":[],"_links":{"self":[{"href":"https:\/\/vincesconsulting.com\/ca\/wp-json\/wp\/v2\/equipo\/6194","targetHints":{"allow":["GET"]}}],"collection":[{"href":"https:\/\/vincesconsulting.com\/ca\/wp-json\/wp\/v2\/equipo"}],"about":[{"href":"https:\/\/vincesconsulting.com\/ca\/wp-json\/wp\/v2\/types\/equipo"}],"wp:featuredmedia":[{"embeddable":true,"href":"https:\/\/vincesconsulting.com\/ca\/wp-json\/wp\/v2\/media\/7370"}],"wp:attachment":[{"href":"https:\/\/vincesconsulting.com\/ca\/wp-json\/wp\/v2\/media?parent=6194"}],"wp:term":[{"taxonomy":"clasificacion","embeddable":true,"href":"https:\/\/vincesconsulting.com\/ca\/wp-json\/wp\/v2\/clasificacion?post=6194"}],"curies":[{"name":"wp","href":"https:\/\/api.w.org\/{rel}","templated":true}]}}

<p>El Ricardo és Director Associat i treballa dins del Sector de Sostenibilitat, prestant assessorament estratègic en matèria ambiental en assumptes com la sostenibilitat, la descarbonització, la gestió de crissi ambientals, canvi climàtic, etc.</p>
<p>Abans d&#8217;incorporar-se a VINCES, ha treballat a l&#8217;administració pública en l&#8217;àmbit local i autonòmic, destacant haver ocupat els càrrecs de 1r tinent d&#8217;Alcalde i responsable de l&#8217;Àrea de Govern d&#8217;Urbanisme i Medi ambient de l&#8217;Ajuntament de Majadahonda, regidor de Medi Ambient de l&#8217;Ajuntament de Las Rozas, director gerent de l&#8217;Institut Madrileny de I+D rural, agrari i alimentari, i director general de Medi Ambient del Govern de la Comunitat de Madrid.</p>
<p><strong>Formació acadèmica</strong></p>
<ul>
<li>Programa de lideratge en la Gestió Pública per l&#8217;IESE</li>
<li>Màster en Enginyeria i Gestió del Medi Ambient per l&#8217;Escola de l&#8217;Organització Industrial (EOI).</li>
<li>Graduat en Dret per la Universitat Nacional d&#8217;Educació a Distància (UNED).</li>
<li>Llicenciat en Biologia per la Universitat Complutense de Madrid.</li>
</ul>
