{"id":6193,"date":"2017-09-13T12:50:45","date_gmt":"2017-09-13T10:50:45","guid":{"rendered":"https:\/\/servidor7.rubrika.es\/equipo\/patricia-cirez-miqueleiz\/"},"modified":"2019-12-07T12:36:56","modified_gmt":"2019-12-07T11:36:56","slug":"patricia-cirez-miqueleiz","status":"publish","type":"equipo","link":"https:\/\/vincesconsulting.com\/ca\/equipo\/patricia-cirez-miqueleiz\/","title":{"rendered":"Patricia Cirez Miqueleiz"},"content":{"rendered":"<p>La Patr\u00edcia Cirez Miqueleiz s\u2019incorpora a Vinces com a directora d\u2019Assumptes Europeus per a liderar tant l\u2019oficina a Brussel\u00b7les com la pr\u00e0ctica en assumptes p\u00fablics de la Uni\u00f3 Europea (UE) i dels seus Estats Membres, amb especial atenci\u00f3 en el foment de la col\u00b7laboraci\u00f3 publicoprivada amb la Comissi\u00f3 i els colegisladors europeus.<\/p>\n<p>La Patr\u00edcia va iniciar la seva extensa traject\u00f2ria europea realitzant pr\u00e0ctiques a l\u2019Oficina del Parlament Europeu de Madrid el 2001. El 2002 es va unir a l\u2019equip de la Delegaci\u00f3 Permanent de la Confederaci\u00f3 Espanyola d\u2019Organitzacions Empresarials (CEOE) davant la UE, exercint la seva direcci\u00f3 entre el febrer del 2016 i el maig del 2022. Aix\u00ed mateix, ha estat secret\u00e0ria de la Comissi\u00f3 de la Uni\u00f3 Europea de la CEOE, en el marc de la qual s\u2019analitzen i valoren les pol\u00edtiques europees amb major impacte empresarial.<\/p>\n<p>En l\u2019\u00e0mbit institucional europeu ha estat Delegada Permanent de la CEOE davant la UE i davant la Business Europe (La Confederaci\u00f3 Europea d\u2019Empreses) durant els \u00faltims sis anys, vicepresidenta del Grup Ocupador del Comit\u00e8 Econ\u00f2mic i Social Europeu i membre del Comit\u00e8 de Di\u00e0leg Social Europeu, entre altres responsabilitats.<\/p>\n<p>Actualment, \u00e9s membre del Consell Assessor del Real Institut d\u2019Estudis Europeus de la Universitat de Navarra i col\u00b7laboradora del Moviment Europeu.<\/p>\n<p>&nbsp;<\/p>\n<p><strong>Formaci\u00f3 Acad\u00e8mica<\/strong><\/p>\n<ul>\n<li>Graduada en Geografia i Hist\u00f2ria, amb especialitat en Hist\u00f2ria Contempor\u00e0nia per la Universitat Nacional de Saragossa.<\/li>\n<li>M\u00e0ster en Dret i Pol\u00edtiques de la Uni\u00f3 Europea per la Universitat Nacional d\u2019Educaci\u00f3 a Dist\u00e0ncia (UNED).<\/li>\n<li>Programa de Direcci\u00f3 General, per la IESE Business School \u2013 Universitat de Navarra.<\/li>\n<\/ul>\n<p><strong>Principals publicacions<\/strong><\/p>\n<ul>\n<li>Ponent en els Cursos 132\u00e8 i 133\u00e8 sobre la Uni\u00f3 Europea de l\u2019Escola Diplom\u00e0tica adscrita al Ministeri d\u2019Afers Exteriors, Uni\u00f3 Europea i Cooperaci\u00f3.<\/li>\n<li>\u201cPor una Uni\u00f3n m\u00e1s ambiciosa y con mayor capacidad de acci\u00f3n\u201d, en el Francisco Aldecoa (ed.) i Eduardo Garc\u00eda Cancela (coord.) (2021). La Confer\u00e8ncia sobre el Futur d\u2019Europa en Marxa. Una visi\u00f3 des del Consell Federal Espanyol del Moviment Europeu. Madrid, Catarata.<\/li>\n<\/ul>\n","protected":false},"featured_media":5701,"template":"","clasificacion":[],"class_list":["post-6193","equipo","type-equipo","status-publish","has-post-thumbnail","hentry"],"acf":[],"_links":{"self":[{"href":"https:\/\/vincesconsulting.com\/ca\/wp-json\/wp\/v2\/equipo\/6193","targetHints":{"allow":["GET"]}}],"collection":[{"href":"https:\/\/vincesconsulting.com\/ca\/wp-json\/wp\/v2\/equipo"}],"about":[{"href":"https:\/\/vincesconsulting.com\/ca\/wp-json\/wp\/v2\/types\/equipo"}],"wp:featuredmedia":[{"embeddable":true,"href":"https:\/\/vincesconsulting.com\/ca\/wp-json\/wp\/v2\/media\/5701"}],"wp:attachment":[{"href":"https:\/\/vincesconsulting.com\/ca\/wp-json\/wp\/v2\/media?parent=6193"}],"wp:term":[{"taxonomy":"clasificacion","embeddable":true,"href":"https:\/\/vincesconsulting.com\/ca\/wp-json\/wp\/v2\/clasificacion?post=6193"}],"curies":[{"name":"wp","href":"https:\/\/api.w.org\/{rel}","templated":true}]}}

<p>La Patrícia Cirez Miqueleiz s’incorpora a Vinces com a directora d’Assumptes Europeus per a liderar tant l’oficina a Brussel·les com la pràctica en assumptes públics de la Unió Europea (UE) i dels seus Estats Membres, amb especial atenció en el foment de la col·laboració publicoprivada amb la Comissió i els colegisladors europeus.</p>
<p>La Patrícia va iniciar la seva extensa trajectòria europea realitzant pràctiques a l’Oficina del Parlament Europeu de Madrid el 2001. El 2002 es va unir a l’equip de la Delegació Permanent de la Confederació Espanyola d’Organitzacions Empresarials (CEOE) davant la UE, exercint la seva direcció entre el febrer del 2016 i el maig del 2022. Així mateix, ha estat secretària de la Comissió de la Unió Europea de la CEOE, en el marc de la qual s’analitzen i valoren les polítiques europees amb major impacte empresarial.</p>
<p>En l’àmbit institucional europeu ha estat Delegada Permanent de la CEOE davant la UE i davant la Business Europe (La Confederació Europea d’Empreses) durant els últims sis anys, vicepresidenta del Grup Ocupador del Comitè Econòmic i Social Europeu i membre del Comitè de Diàleg Social Europeu, entre altres responsabilitats.</p>
<p>Actualment, és membre del Consell Assessor del Real Institut d’Estudis Europeus de la Universitat de Navarra i col·laboradora del Moviment Europeu.</p>
<p>&nbsp;</p>
<p><strong>Formació Acadèmica</strong></p>
<ul>
<li>Graduada en Geografia i Història, amb especialitat en Història Contemporània per la Universitat Nacional de Saragossa.</li>
<li>Màster en Dret i Polítiques de la Unió Europea per la Universitat Nacional d’Educació a Distància (UNED).</li>
<li>Programa de Direcció General, per la IESE Business School – Universitat de Navarra.</li>
</ul>
<p><strong>Principals publicacions</strong></p>
<ul>
<li>Ponent en els Cursos 132è i 133è sobre la Unió Europea de l’Escola Diplomàtica adscrita al Ministeri d’Afers Exteriors, Unió Europea i Cooperació.</li>
<li>“Por una Unión más ambiciosa y con mayor capacidad de acción”, en el Francisco Aldecoa (ed.) i Eduardo García Cancela (coord.) (2021). La Conferència sobre el Futur d’Europa en Marxa. Una visió des del Consell Federal Espanyol del Moviment Europeu. Madrid, Catarata.</li>
</ul>
