{"id":6192,"date":"2018-09-15T12:51:12","date_gmt":"2018-09-15T10:51:12","guid":{"rendered":"https:\/\/servidor7.rubrika.es\/equipo\/jorge-villarino\/"},"modified":"2020-01-07T12:29:23","modified_gmt":"2020-01-07T11:29:23","slug":"jorge-villarino","status":"publish","type":"equipo","link":"https:\/\/vincesconsulting.com\/ca\/equipo\/jorge-villarino\/","title":{"rendered":"Jorge Villarino"},"content":{"rendered":"<p>El Jorge \u00e9s el soci responsable del Departament de Regulaci\u00f3 (Lletrat de les Corts en exced\u00e8ncia). Presta assessorament en la vessant de l\u2019estrat\u00e8gia regulat\u00f2ria i de processos normatius. Dirigeix les pr\u00e0ctiques de sectors regulats.<\/p>\n<p>Abans de la seva incorporaci\u00f3 a Vinces, va treballar durant m\u00e9s d\u2019una d\u00e8cada al Parlament espanyol ocupant les seg\u00fcents responsabilitats:<\/p>\n<ul>\n<li>Director de Relacions Internacionals del Congr\u00e9s dels Diputats d\u2019Espanya (febrer 2012 &#8211; desembre 2014)<\/li>\n<li>Director de Pressupostos i Contractaci\u00f3 de la Secretaria General del Senat d\u2019Espanya (abril 2011 &#8211; febrer 2012)<\/li>\n<li>Director T\u00e8cnic d\u2019Infraestructures del Senat d\u2019Espanya en funcions (abril 2011 &#8211; febrer 2012)<\/li>\n<li>Director de Relacions Internacionals del Senat d\u2019Espanya (octubre 2007 &#8211; abril 2011)<\/li>\n<li>Director de Govern Interior en funcions del Senat d\u2019Espanya (maig 2007 &#8211; octubre 2007)<\/li>\n<li>Director d\u2019Assumptes Econ\u00f2mics en funcions del Senat d\u2019Espanya (abril 2006 &#8211; desembre de 2006)<\/li>\n<\/ul>\n<p>Quant a la seva experi\u00e8ncia internacional, destaca:<\/p>\n<ul>\n<li>Secretari de la Delegaci\u00f3 d\u2019Espanya davant l\u2019Assemblea Parlament\u00e0ria del Consell d\u2019Europa (Estrasburg) (gener 2006 &#8211; octubre 2009)<\/li>\n<li>\u00a0Secretari de la Delegaci\u00f3 d\u2019Espanya davant l\u2019Assemblea Parlament\u00e0ria de la Uni\u00f3 Europea Occidental\/Assemblea Europea de Seguretat i Defensa (Par\u00eds). (gener 2006 &#8211; octubre 2009)<\/li>\n<li>Col\u00b7laborador com a expert del Programa TAIEX de la Uni\u00f3 Europea.<\/li>\n<li>Col\u00b7laborador com a expert del Programa SIGMA de l\u2019OCDE.<\/li>\n<\/ul>\n<p>Ha estat professor d\u2019Assumptes Legislatius a l\u2019IE Business School (reconeixement a l\u2019excel\u00b7l\u00e8ncia docent) i actualment imparteix Introducci\u00f3 a les Relacions Internacionals al Centre Universitari Villanueva i Dret Digital a la Universitat Francisco de Vit\u00f2ria.<\/p>\n<p><strong>Formaci\u00f3 acad\u00e8mica<\/strong><\/p>\n<ul>\n<li>Doctor en Dret per la Universitat Abat Oliva CEU de Barcelona amb una tesi doctoral sobre la privacitat en l\u2019entorn de la computaci\u00f3 al n\u00favol. La tesi va rebre el Premi Anual d\u2019Investigaci\u00f3 de la C\u00e0tedra Google sobre Privacitat, Societat i Innovaci\u00f3 (2017).<\/li>\n<li>Llicenciat en Dret per la Universitat de Saragossa.<\/li>\n<\/ul>\n<p><strong>Publicacions<\/strong><\/p>\n<ul>\n<li>\u201cSociedades Profesionales. Respuesta a una vieja demanda\u201d. IURIS. Actualidad y Pr\u00e1ctica del Derecho. N\u00famero 106\/junio 2006.<\/li>\n<li>\u201cLa funci\u00f3n de impulso pol\u00edtico de los Grupos parlamentarios en las Cortes Generales\u201d; en \u201cGrupos Parlamentarios\u201d. Revista Asamblea. Monogr\u00e1fico. Asamblea de Madrid. Septiembre 2007.<\/li>\n<li>\u201cT\u00e9cnicas patrimoniales de colaboraci\u00f3n p\u00fablico-privada: las concesiones demaniales y el arrendamiento operativo\u201d; en \u201cLa colaboraci\u00f3n p\u00fablico-privada en la gesti\u00f3n de infraestructuras y servicios p\u00fablicos\u201d, Alberto Dorrego y Franciso Mart\u00ednez (Directores), Jorge Villarino (Coordinador). Editorial La Ley, 2009.<\/li>\n<li>Coordinador de la obra \u201cLa colaboraci\u00f3n p\u00fablico-privada en la gesti\u00f3n de infraestructuras y servicios p\u00fablicos\u201d. Editorial La Ley, 2009.<\/li>\n<li>\u201cRegulaci\u00f3n de los tr\u00e1mites electorales que integran el acto del escrutinio en el sistema electoral espa\u00f1ol\u201d, en \u201cNueva Agenda electoral latinoamericana: logros, oportunidades y desaf\u00edos\u201d, Instituto Interamericano de Derechos Humanos-Centro de Asesor\u00eda y Promoci\u00f3n Electoral, Costa Rica, 2011.<\/li>\n<li>\u201cLa Uni\u00f3n Europea ante los retos de la era digital: la reforma de la pol\u00edtica europea de protecci\u00f3n de datos\u201d, en \u201cDerecho de la Uni\u00f3n Europea y el Tratado de Lisboa\u201d, Fabio Pascua Mateo (coord..\u201d, Cvitas-Homson Reuters, Cizur Menor, 2013, p\u00e1gs. 561 y siguientes.<\/li>\n<li>\u201cLa privacidad desde el dise\u00f1o en la Propuesta de Reglamento Europeo de Protecci\u00f3n de Datos\u201d, Revista Aranzadi de Derecho y Nuevas Tecnolog\u00edas, n\u00famero 32, 2013.<\/li>\n<li><em>\u201cOCDE report about Parliament\u2019s function of control. Spanish country report\u201d. Comparative study on the oversight function, Klaus Goetz, SIGMA program, OCDE<\/em>, 2013.<\/li>\n<li>\u201cPrivacidad y propiedad intelectual: el justo equilibrio entre derechos\u201d, Revista de Privacidad y Derecho Digital, n\u00famero 0, septiembre 2015, p\u00e1ginas 99 a 140.<\/li>\n<li>\u201cMalas pr\u00e1cticas y seguridad jur\u00eddica\u201d, \u201cRevista del Consejo General de la Abogac\u00eda Espa\u00f1ola\u201d, Abogados, Noviembre 2015.<\/li>\n<li>\u201cAspectos legales del cloud computing\u201d, en El derecho de Internet, Francisco P\u00e9rez Bes (coord.), Editorial Atelier, 2016.<\/li>\n<li>\u201cCuarta generaci\u00f3n de derechos: reflexiones sobre la libertad de expresi\u00f3n en Internet\u201d, Revisa de las Cortes Generales, N\u00fameros 100-101-102, junio 2018.<\/li>\n<li>\u201cEl nuevo marco regulatorio derivado del Reglamento Europeo de Protecci\u00f3n de Datos. Adaptado al Proyecto de Ley Org\u00e1nica de Protecci\u00f3n de Datos de 10 de noviembre de 2017\u201d, Wolters Kluwer, 2018.<\/li>\n<\/ul>\n","protected":false},"featured_media":6745,"template":"","clasificacion":[],"class_list":["post-6192","equipo","type-equipo","status-publish","has-post-thumbnail","hentry"],"acf":[],"_links":{"self":[{"href":"https:\/\/vincesconsulting.com\/ca\/wp-json\/wp\/v2\/equipo\/6192","targetHints":{"allow":["GET"]}}],"collection":[{"href":"https:\/\/vincesconsulting.com\/ca\/wp-json\/wp\/v2\/equipo"}],"about":[{"href":"https:\/\/vincesconsulting.com\/ca\/wp-json\/wp\/v2\/types\/equipo"}],"wp:featuredmedia":[{"embeddable":true,"href":"https:\/\/vincesconsulting.com\/ca\/wp-json\/wp\/v2\/media\/6745"}],"wp:attachment":[{"href":"https:\/\/vincesconsulting.com\/ca\/wp-json\/wp\/v2\/media?parent=6192"}],"wp:term":[{"taxonomy":"clasificacion","embeddable":true,"href":"https:\/\/vincesconsulting.com\/ca\/wp-json\/wp\/v2\/clasificacion?post=6192"}],"curies":[{"name":"wp","href":"https:\/\/api.w.org\/{rel}","templated":true}]}}

<p>El Jorge és el soci responsable del Departament de Regulació (Lletrat de les Corts en excedència). Presta assessorament en la vessant de l’estratègia regulatòria i de processos normatius. Dirigeix les pràctiques de sectors regulats.</p>
<p>Abans de la seva incorporació a Vinces, va treballar durant més d’una dècada al Parlament espanyol ocupant les següents responsabilitats:</p>
<ul>
<li>Director de Relacions Internacionals del Congrés dels Diputats d’Espanya (febrer 2012 &#8211; desembre 2014)</li>
<li>Director de Pressupostos i Contractació de la Secretaria General del Senat d’Espanya (abril 2011 &#8211; febrer 2012)</li>
<li>Director Tècnic d’Infraestructures del Senat d’Espanya en funcions (abril 2011 &#8211; febrer 2012)</li>
<li>Director de Relacions Internacionals del Senat d’Espanya (octubre 2007 &#8211; abril 2011)</li>
<li>Director de Govern Interior en funcions del Senat d’Espanya (maig 2007 &#8211; octubre 2007)</li>
<li>Director d’Assumptes Econòmics en funcions del Senat d’Espanya (abril 2006 &#8211; desembre de 2006)</li>
</ul>
<p>Quant a la seva experiència internacional, destaca:</p>
<ul>
<li>Secretari de la Delegació d’Espanya davant l’Assemblea Parlamentària del Consell d’Europa (Estrasburg) (gener 2006 &#8211; octubre 2009)</li>
<li> Secretari de la Delegació d’Espanya davant l’Assemblea Parlamentària de la Unió Europea Occidental/Assemblea Europea de Seguretat i Defensa (París). (gener 2006 &#8211; octubre 2009)</li>
<li>Col·laborador com a expert del Programa TAIEX de la Unió Europea.</li>
<li>Col·laborador com a expert del Programa SIGMA de l’OCDE.</li>
</ul>
<p>Ha estat professor d’Assumptes Legislatius a l’IE Business School (reconeixement a l’excel·lència docent) i actualment imparteix Introducció a les Relacions Internacionals al Centre Universitari Villanueva i Dret Digital a la Universitat Francisco de Vitòria.</p>
<p><strong>Formació acadèmica</strong></p>
<ul>
<li>Doctor en Dret per la Universitat Abat Oliva CEU de Barcelona amb una tesi doctoral sobre la privacitat en l’entorn de la computació al núvol. La tesi va rebre el Premi Anual d’Investigació de la Càtedra Google sobre Privacitat, Societat i Innovació (2017).</li>
<li>Llicenciat en Dret per la Universitat de Saragossa.</li>
</ul>
<p><strong>Publicacions</strong></p>
<ul>
<li>“Sociedades Profesionales. Respuesta a una vieja demanda”. IURIS. Actualidad y Práctica del Derecho. Número 106/junio 2006.</li>
<li>“La función de impulso político de los Grupos parlamentarios en las Cortes Generales”; en “Grupos Parlamentarios”. Revista Asamblea. Monográfico. Asamblea de Madrid. Septiembre 2007.</li>
<li>“Técnicas patrimoniales de colaboración público-privada: las concesiones demaniales y el arrendamiento operativo”; en “La colaboración público-privada en la gestión de infraestructuras y servicios públicos”, Alberto Dorrego y Franciso Martínez (Directores), Jorge Villarino (Coordinador). Editorial La Ley, 2009.</li>
<li>Coordinador de la obra “La colaboración público-privada en la gestión de infraestructuras y servicios públicos”. Editorial La Ley, 2009.</li>
<li>“Regulación de los trámites electorales que integran el acto del escrutinio en el sistema electoral español”, en “Nueva Agenda electoral latinoamericana: logros, oportunidades y desafíos”, Instituto Interamericano de Derechos Humanos-Centro de Asesoría y Promoción Electoral, Costa Rica, 2011.</li>
<li>“La Unión Europea ante los retos de la era digital: la reforma de la política europea de protección de datos”, en “Derecho de la Unión Europea y el Tratado de Lisboa”, Fabio Pascua Mateo (coord..”, Cvitas-Homson Reuters, Cizur Menor, 2013, págs. 561 y siguientes.</li>
<li>“La privacidad desde el diseño en la Propuesta de Reglamento Europeo de Protección de Datos”, Revista Aranzadi de Derecho y Nuevas Tecnologías, número 32, 2013.</li>
<li><em>“OCDE report about Parliament’s function of control. Spanish country report”. Comparative study on the oversight function, Klaus Goetz, SIGMA program, OCDE</em>, 2013.</li>
<li>“Privacidad y propiedad intelectual: el justo equilibrio entre derechos”, Revista de Privacidad y Derecho Digital, número 0, septiembre 2015, páginas 99 a 140.</li>
<li>“Malas prácticas y seguridad jurídica”, “Revista del Consejo General de la Abogacía Española”, Abogados, Noviembre 2015.</li>
<li>“Aspectos legales del cloud computing”, en El derecho de Internet, Francisco Pérez Bes (coord.), Editorial Atelier, 2016.</li>
<li>“Cuarta generación de derechos: reflexiones sobre la libertad de expresión en Internet”, Revisa de las Cortes Generales, Números 100-101-102, junio 2018.</li>
<li>“El nuevo marco regulatorio derivado del Reglamento Europeo de Protección de Datos. Adaptado al Proyecto de Ley Orgánica de Protección de Datos de 10 de noviembre de 2017”, Wolters Kluwer, 2018.</li>
</ul>
